mainder when 1464431 is divided by 63.
59
What is the remainder when 46790 is divided by 62?
42
Calculate the remainder when 1056 is divided by 913.
143
What is the remainder when 24794 is divided by 12389?
16
Calculate the remainder when 16431 is divided by 94.
75
Calculate the remainder when 7770 is divided by 19.
18
Calculate the remainder when 23344 is divided by 836.
772
Calculate the remainder when 103681 is divided by 21.
4
What is the remainder when 2628 is divided by 32?
4
What is the remainder when 54614 is divided by 26?
14
Calculate the remainder when 23895 is divided by 1042.
971
Calculate the remainder when 98312 is divided by 8.
0
What is the remainder when 93132 is divided by 74?
40
Calculate the remainder when 1404 is divided by 238.
214
What is the remainder when 12657 is divided by 911?
814
What is the remainder when 286583 is divided by 6?
5
What is the remainder when 8963 is divided by 162?
53
What is the remainder when 1376 is divided by 79?
33
Calculate the remainder when 25751 is divided by 101.
97
Calculate the remainder when 7272 is divided by 119.
13
What is the remainder when 506 is divided by 487?
19
Calculate the remainder when 1336 is divided by 126.
76
What is the remainder when 274245 is divided by 19?
18
Calculate the remainder when 108539 is divided by 646.
11
Calculate the remainder when 5261808 is divided by 710.
708
What is the remainder when 49395 is divided by 49393?
2
What is the remainder when 110426 is divided by 665?
36
What is the remainder when 55300 is divided by 18?
4
What is the remainder when 5020 is divided by 367?
249
Calculate the remainder when 11976 is divided by 74.
62
Calculate the remainder when 826 is divided by 582.
244
What is the remainder when 605594 is divided by 71?
35
What is the remainder when 1663155 is divided by 287?
277
Calculate the remainder when 195273 is divided by 87.
45
What is the remainder when 474 is divided by 121?
111
Calculate the remainder when 353829 is divided by 10.
9
Calculate the remainder when 3839 is divided by 881.
315
Calculate the remainder when 4717 is divided by 21.
13
What is the remainder when 2248 is divided by 125?
123
What is the remainder when 6275 is divided by 6263?
12
Calculate the remainder when 7502 is divided by 175.
152
Calculate the remainder when 2457 is divided by 592.
89
Calculate the remainder when 5512 is divided by 121.
67
Calculate the remainder when 4378 is divided by 110.
88
Calculate the remainder when 5002 is divided by 1761.
1480
Calculate the remainder when 66375 is divided by 111.
108
What is the remainder when 22009 is divided by 18?
13
Calculate the remainder when 1959 is divided by 335.
284
What is the remainder when 7834 is divided by 44?
2
What is the remainder when 224 is divided by 116?
108
What is the remainder when 15017 is divided by 15014?
3
What is the remainder when 3629 is divided by 1809?
11
What is the remainder when 7233 is divided by 67?
64
Calculate the remainder when 67035 is divided by 58.
45
What is the remainder when 6022 is divided by 93?
70
Calculate the remainder when 8665 is divided by 71.
3
What is the remainder when 371003 is divided by 15?
8
What is the remainder when 52549 is divided by 196?
21
What is the remainder when 385062 is divided by 45?
42
Calculate the remainder when 1672 is divided by 231.
55
Calculate the remainder when 30635 is divided by 2550.
35
Calculate the remainder when 9789 is divided by 4889.
11
What is the remainder when 19780 is divided by 230?
0
What is the remainder when 70405 is divided by 1280?
5
Calculate the remainder when 3901 is divided by 737.
216
What is the remainder when 2689 is divided by 667?
21
What is the remainder when 32475 is divided by 10819?
18
Calculate the remainder when 246381 is divided by 531.
528
Calculate the remainder when 35207 is divided by 284.
275
What is the remainder when 80149 is divided by 391?
385
What is the remainder when 7140 is divided by 449?
405
What is the remainder when 3528 is divided by 1173?
9
What is the remainder when 5736 is divided by 59?
13
What is the remainder when 33977 is divided by 34?
11
What is the remainder when 3777 is divided by 224?
193
Calculate the remainder when 429 is divided by 81.
24
Calculate the remainder when 15689 is divided by 7583.
523
What is the remainder when 159191 is divided by 333?
17
What is the remainder when 2210 is divided by 268?
66
What is the remainder when 18552 is divided by 5?
2
What is the remainder when 104348 is divided by 21?
20
Calculate the remainder when 15998 is divided by 50.
48
What is the remainder when 25775 is divided by 72?
71
Calculate the remainder when 41709 is divided by 68.
25
Calculate the remainder when 2116 is divided by 200.
116
What is the remainder when 538829 is divided by 112?
109
Calculate the remainder when 115817 is divided by 115810.
7
Calculate the remainder when 1866 is divided by 599.
69
What is the remainder when 92878 is divided by 152?
6
What is the remainder when 2700 is divided by 583?
368
Calculate the remainder when 44587 is divided by 5.
2
Calculate the remainder when 709 is divided by 112.
37
Calculate the remainder when 67352 is divided by 13.
12
Calculate the remainder when 74515 is divided by 481.
441
What is the remainder when 58514 is divided by 291?
23
Calculate the remainder when 155525 is divided by 138.
137
What is the remainder when 38781 is divided by 902?
897
Calculate the remainder when 11648 is divided by 679.
105
What is the remainder when 2800 is divided by 150?
100
What is the remainder when 57473 is divided by 58?
53
What is the remainder when 115166 is divided by 70?
16
What is the remainder when 67097 is divided by 26?
17
What is the remainder when 4735 is divided by 285?
175
Calculate the remainder when 196 is divided by 65.
1
Calculate the remainder when 17837 is divided by 124.
105
What is the remainder when 2592 is divided by 86?
12
What is the remainder when 3870 is divided by 964?
14
Calculate the remainder when 275290 is divided by 230.
210
Calculate the remainder when 4574 is divided by 28.
10
Calculate the remainder when 610752 is divided by 101785.
42
Calculate the remainder when 4627 is divided by 9.
1
Calculate the remainder when 9974 is divided by 103.
86
Calculate the remainder when 4814 is divided by 1196.
30
What is the remainder when 4353 is divided by 18?
15
What is the remainder when 3171 is divided by 209?
36
Calculate the remainder when 53117 is divided by 13268.
45
What is the remainder when 62746 is divided by 20913?
7
Calculate the remainder when 71974 is divided by 71973.
1
Calculate the remainder when 500 is divided by 25.
0
Calculate the remainder when 124147 is divided by 33.
1
Calculate the remainder when 11300 is divided by 648.
284
Calculate the remainder when 11427 is divided by 126.
87
Calculate the remainder when 72121 is divided by 829.
827
What is the remainder when 496028 is divided by 92?
56
What is the remainder when 83788 is divided by 6?
4
Calculate the remainder when 135 is divided by 124.
11
Calculate the remainder when 100582 is divided by 508.
506
Calculate the remainder when 4377 is divided by 754.
607
What is the remainder when 10573 is divided by 4600?
1373
Calculate the remainder when 4996 is divided by 1042.
828
Calculate the remainder when 1476782 is divided by 2417.
2412
What is the remainder when 2156 is divided by 384?
236
Calculate the remainder when 15017 is divided by 33.
2
What is the remainder when 6221 is divided by 29?
15
What is the remainder when 14718 is divided by 339?
141
Calculate the remainder when 1848562 is divided by 399.
394
Calculate the remainder when 33815 is divided by 356.
351
What is the remainder when 54603 is divided by 18200?
3
What is the remainder when 523440 is divided by 95?
85
What is the remainder when 209305 is divided by 31?
24
What is the remainder when 6128 is divided by 279?
269
What is the remainder when 699 is divided by 677?
22
Calculate the remainder when 121394 is divided by 30348.
2
What is the remainder when 18643 is divided by 1328?
51
What is the remainder when 807 is divided by 611?
196
What is the remainder when 4224 is divided by 10?
4
Calculate the remainder when 637 is divided by 202.
31
Calculate the remai